{"id":2669,"date":"2019-04-30T09:51:47","date_gmt":"2019-04-30T12:51:47","guid":{"rendered":"http:\/\/gastrenrio.com.br\/?page_id=2669"},"modified":"2026-02-04T08:40:03","modified_gmt":"2026-02-04T11:40:03","slug":"programacao","status":"publish","type":"page","link":"https:\/\/gastrenrio.com.br\/?page_id=2669","title":{"rendered":"Programa\u00e7\u00e3o"},"content":{"rendered":"<h2><strong><u>Quinta-feira, 27 de agosto<\/u><\/strong><\/h2>\n<p><strong>8h <\/strong>Abertura<\/p>\n<p><strong>8h10<\/strong> Alergias Alimentares e testes respirat\u00f3rios: o que precisamos saber?<\/p>\n<p><strong>8h50<\/strong> Mesa-redonda: Doen\u00e7a Inflamat\u00f3ria Intestinal \u2013Tratamento atualizado da Doen\u00e7a de Crohn<\/p>\n<p><strong>10h<\/strong> Simp\u00f3sio sat\u00e9lite<\/p>\n<p><strong>10h30<\/strong> Gastrolanche<\/p>\n<p><strong>11h<\/strong> Mesa-redonda: Obesidade : escolha dos tratamentos e manejo dos efeitos colaterais<\/p>\n<p><strong>11h50<\/strong> Simp\u00f3sio sat\u00e9lite<\/p>\n<p><strong>12h10 <\/strong>Simp\u00f3sio sat\u00e9lite<\/p>\n<p><strong>13h20<\/strong> Intervalo<\/p>\n<p><strong>13h30<\/strong> Mesa-redonda: Manejo dos Cistos Pancre\u00e1ticos<\/p>\n<p><strong>14h30<\/strong> Mesa Redonda: Es\u00f4fago: situa\u00e7\u00f5es dif\u00edceis. Como conduzir?<\/p>\n<p><strong>15h30 <\/strong>Simp\u00f3sio sat\u00e9lite<\/p>\n<p><strong>16h<\/strong>\u00a0Gastrolanche<\/p>\n<p><strong>16h30<\/strong> Mesa-redonda: casos cl\u00ednicos diante do especialista: o que voc\u00ea faria?<\/p>\n<p><strong>17h15<\/strong> Momento Pr\u00eamio Jovem Gastro e homenagens<\/p>\n<p><strong>17h30<\/strong> Atualiza\u00e7\u00f5es sobre microbiota intestinal e colite induzida por imunoterapia<\/p>\n<p><strong>18h<\/strong> Encerramento do 1\u00ba dia<\/p>\n<h2><strong><u>Sexta-feira, 28 de agosto<\/u><\/strong><\/h2>\n<p><b>8h <\/b>Mesa-redonda: Discuss\u00e3o cl\u00ednica \u2013 Do dia a dia a casos desafiadores no Tratamento da RCU<\/p>\n<p><strong>9h20<\/strong> Simp\u00f3sio sat\u00e9lite<\/p>\n<p><strong>9h50<\/strong> Atualiza\u00e7\u00f5es do tratamento e erradica\u00e7\u00e3o do H.Pylori<\/p>\n<p><strong>10h10<\/strong> Gastrolanche<\/p>\n<p><strong>10h40<\/strong> Mesa-redonda: O que o gastro precisa saber das doen\u00e7as orificiais e p\u00e9lvicas<\/p>\n<p><strong>11h10<\/strong> Simp\u00f3sio sat\u00e9lite<\/p>\n<p><strong>11h40<\/strong> Ultrassonografia intestinal &#8211; aplicabilidade pr\u00e1tica<\/p>\n<p><strong>12h<\/strong> Pr\u00eamio Melhores Trabalhos Gastren<\/p>\n<p><strong>12h10<\/strong> Simp\u00f3sio sat\u00e9lite<\/p>\n<p><strong>13h10<\/strong> Intervalo<\/p>\n<p><strong>13h30<\/strong> Mesa-redonda: Atualiza\u00e7\u00f5es Baveno<\/p>\n<p><strong>14h10<\/strong> Caso cl\u00ednico de p\u00e2ncreas<\/p>\n<p><strong>14h30<\/strong> Mesa-redonda: Roma V: o que muda na pr\u00e1tica? Do Diagn\u00f3stico diferencial a mais op\u00e7\u00f5es de tratamento<\/p>\n<p><strong>15h30<\/strong> Gastrolanche<\/p>\n<p><strong>16h<\/strong> Atualiza\u00e7\u00f5es do tratamento cir\u00fargico das Doen\u00e7as Inflamat\u00f3rias Intestinais<\/p>\n<p><strong>16h30<\/strong> Simp\u00f3sio sat\u00e9lite<\/p>\n<p><strong>17h<\/strong> Mesa-redonda: Preven\u00e7\u00e3o de c\u00e2ncer g\u00e1strico e intestinal: Quando n\u00e3o solicitar exames<\/p>\n<p><strong>18h<\/strong> Encerramento do 2\u00ba dia<\/p>\n<h2><strong><u>S\u00e1bado, 29 de agosto<\/u><\/strong><\/h2>\n<p><b>8h <\/b>Sess\u00e3o Interativa de imagens em Gastroenterologia: o que \u00e9 isso doutor?<\/p>\n<p><strong>9h20<\/strong> Mesa-redonda Gastropediatria: Esofagite Eosinof\u00edlica<\/p>\n<p><strong>10h10<\/strong> Simp\u00f3sio sat\u00e9lite<\/p>\n<p><strong>10h40<\/strong> Gastrolanche<\/p>\n<p><strong>11h<\/strong> Cabo de guerra: Diverticulite n\u00e3o complicada de repeti\u00e7\u00e3o opera x n\u00e3o<\/p>\n<p><strong>11h30<\/strong> ESD at\u00e9 onde chegamos<\/p>\n<p><strong>12h<\/strong> Encerramento<\/p>\n","protected":false},"excerpt":{"rendered":"<p>Quinta-feira, 27 de agosto 8h Abertura 8h10 Alergias Alimentares e testes respirat\u00f3rios: o que precisamos saber? 8h50 Mesa-redonda: Doen\u00e7a Inflamat\u00f3ria Intestinal \u2013Tratamento atualizado da Doen\u00e7a de Crohn 10h Simp\u00f3sio sat\u00e9lite 10h30 Gastrolanche 11h Mesa-redonda: Obesidade : escolha dos tratamentos e manejo dos efeitos colaterais 11h50 Simp\u00f3sio sat\u00e9lite 12h10 Simp\u00f3sio sat\u00e9lite 13h20 Intervalo 13h30 Mesa-redonda: Manejo&#8230;<\/p>\n","protected":false},"author":1,"featured_media":0,"parent":0,"menu_order":0,"comment_status":"closed","ping_status":"closed","template":"","meta":{"footnotes":""},"class_list":["post-2669","page","type-page","status-publish","hentry"],"_links":{"self":[{"href":"https:\/\/gastrenrio.com.br\/index.php?rest_route=\/wp\/v2\/pages\/2669","targetHints":{"allow":["GET"]}}],"collection":[{"href":"https:\/\/gastrenrio.com.br\/index.php?rest_route=\/wp\/v2\/pages"}],"about":[{"href":"https:\/\/gastrenrio.com.br\/index.php?rest_route=\/wp\/v2\/types\/page"}],"author":[{"embeddable":true,"href":"https:\/\/gastrenrio.com.br\/index.php?rest_route=\/wp\/v2\/users\/1"}],"replies":[{"embeddable":true,"href":"https:\/\/gastrenrio.com.br\/index.php?rest_route=%2Fwp%2Fv2%2Fcomments&post=2669"}],"version-history":[{"count":73,"href":"https:\/\/gastrenrio.com.br\/index.php?rest_route=\/wp\/v2\/pages\/2669\/revisions"}],"predecessor-version":[{"id":4050,"href":"https:\/\/gastrenrio.com.br\/index.php?rest_route=\/wp\/v2\/pages\/2669\/revisions\/4050"}],"wp:attachment":[{"href":"https:\/\/gastrenrio.com.br\/index.php?rest_route=%2Fwp%2Fv2%2Fmedia&parent=2669"}],"curies":[{"name":"wp","href":"https:\/\/api.w.org\/{rel}","templated":true}]}}